4) in base 7?
13064
Convert -72 (base 14) to base 9.
-121
What is -201 (base 10) in base 3?
-21110
What is 110011111010110 (base 2) in base 10?
26582
Convert 115742 (base 8) to base 5.
2234111
Convert -2142 (base 5) to base 6.
-1213
What is 1435 (base 9) in base 6?
5005
-233 (base 14) to base 13
-278
Convert 43233 (base 7) to base 5.
321010
What is -6a4 (base 11) in base 2?
-1101001000
354 (base 11) to base 6
1542
What is 8231 (base 11) in base 15?
3384
Convert 1921 (base 13) to base 3.
12010201
Convert 27730 (base 10) to base 13.
c811
Convert 2450 (base 6) to base 16.
25e
What is 33167 (base 10) in base 9?
50442
What is 11166 (base 8) in base 9?
6431
What is 426 (base 16) in base 15?
4ac
What is 10421 (base 5) in base 8?
1340
-85871 (base 9) to base 13
-1cb49
What is -256c (base 13) in base 9?
-7271
What is -100001011100 (base 2) in base 13?
-c88
Convert 10111110011010 (base 2) to base 4.
2332122
-c872 (base 14) to base 12
-18030
Convert -3303 (base 6) to base 13.
-465
Convert -1021120100 (base 3) to base 10.
-25200
Convert -18141 (base 9) to base 6.
-133531
-22121000 (base 3) to base 16
-1878
Convert -330 (base 14) to base 16.
-276
What is -31330323 (base 4) in base 6?
-1120323
What is -7b44 (base 15) in base 3?
-1022220001
Convert -1b13 (base 15) to base 6.
-43100
What is -10767 (base 8) in base 2?
-1000111110111
What is 1010011110 (base 2) in base 6?
3034
Convert 883 (base 16) to base 11.
1701
Convert -50151 (base 6) to base 9.
-8874
32443 (base 5) to base 4
203020
What is -36b (base 15) in base 10?
-776
What is 11000001111 (base 2) in base 5?
22201
Convert 13202 (base 7) to base 5.
103110
Convert -2432 (base 5) to base 3.
-111121
What is -3aa5 (base 15) in base 2?
-11000011110010
What is -4cf3 (base 16) in base 15?
-5c84
Convert 3ab (base 16) to base 5.
12224
Convert 1401 (base 6) to base 2.
101101001
What is 1a4 (base 16) in base 3?
120120
Convert 7313 (base 16) to base 5.
1420314
Convert -20324 (base 7) to base 14.
-1b4b
Convert -c26 (base 13) to base 9.
-2738
-96 (base 12) to base 6
-310
Convert -135 (base 10) to base 15.
-90
Convert -1311 (base 10) to base 6.
-10023
Convert 10021022 (base 3) to base 16.
950
-54236 (base 8) to base 2
-101100010011110
Convert 11111001011000 (base 2) to base 15.
4ae0
What is 66b3 (base 12) in base 13?
5235
Convert -4995 (base 16) to base 15.
-58ac
Convert 3b (base 14) to base 3.
1222
Convert -2343 (base 11) to base 3.
-11012210
Convert -141320 (base 5) to base 12.
-3463
-3397 (base 14) to base 2
-10001011111001
Convert -634 (base 9) to base 15.
-247
Convert -1306 (base 7) to base 16.
-1f0
What is -11012220 (base 4) in base 2?
-101000110101000
1020203 (base 4) to base 16
1223
What is 813 (base 9) in base 10?
660
What is 2435 (base 15) in base 4?
1320110
Convert 503 (base 10) to base 4.
13313
-1001001000 (base 2) to base 9
-718
-5192 (base 12) to base 7
-34634
-362266 (base 7) to base 4
-100001323
What is 2232222 (base 4) in base 11?
8442
-abc8 (base 15) to base 10
-36413
Convert 2078 (base 11) to base 4.
222323
-530 (base 14) to base 12
-712
Convert 10416 (base 10) to base 5.
313131
What is -290a (base 15) in base 3?
-110001101
-20010100 (base 4) to base 5
-2024130
What is -306552 (base 7) in base 16?
-ce19
Convert -11010010100 (base 2) to base 16.
-694
What is -765 (base 8) in base 11?
-416
What is -5064 (base 7) in base 8?
-3341
Convert 121131 (base 5) to base 11.
3459
What is 1043 (base 14) in base 7?
11113
What is -1444 (base 12) in base 16?
-934
Convert -273 (base 15) to base 11.
-468
What is 3eec (base 15) in base 14?
4cc1
4676 (base 8) to base 10
2494
Convert 1265 (base 8) to base 15.
313
38 (base 12) to base 3
1122
What is -11d (base 15) in base 16?
-fd
What is 12a0 (base 11) in base 14?
883
What is 120a0 (base 11) in base 7?
101524
What is -31222303 (base 4) in base 6?
-1111111
-220313 (base 4) to base 14
-d4b
What is 4702 (base 12) in base 10?
7922
4b1 (base 15) to base 4
100222
What is -32 (base 5) in base 11?
-16
What is 1b17 (base 13) in base 15?
131b
What is -627 (base 10) in base 12?
-443
What is -2645 (base 7) in base 10?
-1013
-3103 (base 5) to base 6
-1511
511 (base 14) to base 15
465
1124 (base 6) to base 14
152
Convert -10111101110011 (base 2) to base 12.
-7043
What is 2200 (base 7) in base 5?
11114
What is -e52 (base 16) in base 3?
-12000210
Convert 10015 (base 7) to base 10.
2413
What is -10111111111 (base 2) in base 7?
-4322
Convert 5542 (base 8) to base 5.
43124
What is -33020100 (base 4) in base 10?
-61968
-703 (base 12) to base 5
-13021
Convert 420020 (base 5) to base 2.
11010111000000
What is 101736 (base 8) in base 11?
233aa
What is e4a7 (base 15) in base 9?
73234
-10111111111001 (base 2) to base 10
-12281
Convert 1503 (base 8) to base 2.
1101000011
17 (base 8) to base 7
21
2620a (base 11) to base 2
1001001010010000
Convert -1212 (base 8) to base 16.
-28a
What is 10780 (base 10) in base 14?
3d00
What is -71f7 (base 16) in base 13?
-10383
What is -1a3 (base 14) in base 13?
-201
What is -53a (base 14) in base 11?
-859
Convert -15404 (base 6) to base 13.
-11c2
What is -10200001202 (base 3) in base 8?
-215032
-55 (base 9) to base 16
-32
Convert 103a (base 11) to base 13.
819
5b5 (base 16) to base 6
10433
Convert 53023 (base 6) to base 10.
7143
Convert -3044 (base 8) to base 15.
-6ec
Convert 81 (base 12) to base 5.
342
-10336 (base 11) to base 14
-56a7
-c5 (base 13) to base 7
-320
What is -262 (base 12) in base 3?
-111102
Convert -3125 (base 7) to base 11.
-908
What is 569 (base 11) in base 9?
835
1156 (base 7) to base 3
121001
-42 (base 9) to base 16
-26
Convert -1de3 (base 16) to base 9.
-11441
What is 7c99 (base 16) in base 5?
2010042
What is -692 (base 11) in base 7?
-2261
Convert 2000 (base 4) to base 16.
80
-2215 (base 7) to base 8
-1434
What is -44462 (base 7) in base 3?
-120101102
-24a2 (base 13) to base 12
-3016
Convert -45554 (base 6) to base 14.
-250a
4c84 (base 14) to base 12
7944
-8728 (base 12) to base 6
-152452
282 (base 11) to base 12
238
What is -4025 (base 8) in base 5?
-31234
10641 (base 10) to base 16
2991
What is -6796 (base 12) in base 14?
-428a
What is -216 (base 12) in base 16?
-132
Convert -a82 (base 14) to base 5.
-31244
What is 101111011101 (base 2) in base 6?
22021
-534 (base 8) to base 4
-11130
-1102 (base 6) to base 15
-11e
What is 69 (base 11) in base 10?
75
16b5 (base 13) to base 12
1b3b
Convert -2a9c (base 16) to base 2.
-10101010011100
What is 81c (base 15) in base 6?
12243
Convert -12001 (base 5) to base 10.
-876
Convert -12422 (base 5) to base 14.
-507
Convert -2e9d (base 16) to base 11.
-8a69
51ae (base 16) to base 6
240450
3042 (base 5) to base 8
615
Convert -873 (base 14) to base 12.
-b71
430320 (base 5) to base 3
201211120
Convert -41d (base 14) to base 5.
-11221
Convert -3e (base 16) to base 4.
-332
Convert c327 (base 13) to base 3.
1100220110
245160 (base 7) to base 10
45024
What is 10110 (base 2) in base 13?
19
796 (base 12) to base 15
4ec
Convert 301144 (base 5) to base 16.
254d
What is -21319 (base 11) in base 7?
-156240
Convert -33 (base 7) to base 3.
-220
What is -5042 (base 13) in base 9?
-16125
206a (base 11) to base 6
20402
What is 304 (base 5) in base 15?
54
Convert -560 (base 8) to base 5.
-2433
9771 (base 12) to base 7
66346
1200 (base 14) to base 3
11022011
66a8 (base 13) to base 12
8366
12420 (base 7) to base 11
2528
-53435 (base 8) to base 10
-22301
43d (base 16) to base 11
8a7
What is -2243 (base 5) in base 3?
-102222
What is -a1 (base 11) in base 14?
-7d
Convert 22534 (base 11) to base 8.
77512
What is 1110110000 (base 2) in base 10?
944
2033 (base 8) to base 16
41b
What is 24530 (base 7) in base 14?
24c0
Convert -5036 (base 7) to base 8.
-3316
What is 1086 (base 11) in base 2?
10110010001
What is -315 (base 16) in base 14?
-405
Convert -10000001000110 (base 2) to base 10.
-8262
Convert -295 (base 11) to base 4.
-11122
-356 (base 11) to base 16
-1a8
Convert 132 (base 8) to base 12.
76
-10011011001000001 (base 2) to base 11
-54745
What is 4972 (base 10) in base 9?
6734
Convert 321023 (base 4) to base 9.
5015
Convert -111110111111 (base 2) to base 4.
-332333
Convert -177 (base 10) to base 4.
-2301
100001101111010 (base 2) to base 11
11a84
-1012 (base 6) to base 8
-340
Convert 5265 (base 9) to base 2.
111100011010
-1b1 (bas